Is 5251 prime?
False
Is 544809 a composite number?
True
Is 5293 a composite number?
True
Is 76663 composite?
True
Is 2427 composite?
True
Is 2579 a prime number?
True
Is 425189 composite?
False
Is 1032367 a composite number?
True
Is 145991 prime?
True
Is 4327 a composite number?
False
Is 29123 prime?
True
Is 130729 prime?
True
Is 6737 prime?
True
Is 3616711 prime?
False
Is 195043 composite?
False
Is 5936119 composite?
True
Is 28463 a composite number?
False
Is 178161 a prime number?
False
Is 1348271 prime?
True
Is 488749 a prime number?
True
Is 1232551 a prime number?
False
Is 154543 composite?
False
Is 21561 a prime number?
False
Is 80737 a prime number?
True
Is 4317 a composite number?
True
Is 9143 a composite number?
True
Is 5779 a composite number?
False
Is 4751 a prime number?
True
Is 10409 a composite number?
True
Is 442661 prime?
False
Is 215591 a composite number?
True
Is 4321 composite?
True
Is 5639 prime?
True
Is 580613 composite?
True
Is 80609 a composite number?
True
Is 486133 composite?
False
Is 46885 a prime number?
False
Is 50821 a composite number?
False
Is 2520019 a composite number?
True
Is 9227 prime?
True
Is 6081 a prime number?
False
Is 502181 a prime number?
True
Is 5713 prime?
False
Is 70909 a prime number?
False
Is 658349 a prime number?
True
Is 38509 a prime number?
False
Is 1106543 a composite number?
False
Is 56681 prime?
True
Is 351409 a composite number?
True
Is 56159 composite?
True
Is 518699 composite?
False
Is 16658 composite?
True
Is 79967 a prime number?
True
Is 19531 a prime number?
True
Is 15967 a composite number?
True
Is 724459 a composite number?
False
Is 437033 a composite number?
False
Is 1234109 a prime number?
True
Is 31091 prime?
True
Is 4703 prime?
True
Is 261469 prime?
False
Is 17569 prime?
True
Is 39335 a composite number?
True
Is 65269 a composite number?
False
Is 196331 a prime number?
True
Is 455813 prime?
False
Is 1711 composite?
True
Is 6689 composite?
False
Is 83891 a composite number?
False
Is 1507 a prime number?
False
Is 5039 composite?
False
Is 258289 a prime number?
False
Is 18301 composite?
False
Is 3613 composite?
False
Is 21341 a composite number?
False
Is 122413 a composite number?
True
Is 251609 a composite number?
False
Is 212837 a prime number?
True
Is 214883 a composite number?
False
Is 33185 a composite number?
True
Is 1801 a composite number?
False
Is 4327 a prime number?
True
Is 45143 composite?
True
Is 187003 a prime number?
True
Is 56081 a composite number?
False
Is 7477 composite?
False
Is 107563 composite?
False
Is 136787 a composite number?
True
Is 6115 a prime number?
False
Is 3779 a composite number?
False
Is 46619 prime?
True
Is 9923 a composite number?
False
Is 462467 a composite number?
False
Is 20609 a composite number?
True
Is 166771 a composite number?
True
Is 122491 a prime number?
False
Is 60101 prime?
True
Is 294103 composite?
False
Is 10133 composite?
False
Is 29959 prime?
True
Is 45347 a prime number?
False
Is 1059154 a prime number?
False
Is 1381553 prime?
True
Is 22567 a prime number?
True
Is 4111 prime?
True
Is 35009 a prime number?
False
Is 145387 a composite number?
True
Is 47963 a composite number?
False
Is 1274393 a composite number?
True
Is 16649 a composite number?
False
Is 6947 composite?
False
Is 106823 prime?
True
Is 791698 composite?
True
Is 329921 prime?
False
Is 181851 composite?
True
Is 58427 prime?
True
Is 12658 a prime number?
False
Is 182433 composite?
True
Is 1024073 a prime number?
True
Is 2173 a prime number?
False
Is 53471 a composite number?
True
Is 497155 a composite number?
True
Is 1779 a prime number?
False
Is 3371 a prime number?
True
Is 6341 composite?
True
Is 522871 composite?
False
Is 26581 prime?
False
Is 712331 a prime number?
True
Is 453757 prime?
True
Is 338687 a composite number?
False
Is 1371 composite?
True
Is 19298 prime?
False
Is 54311 composite?
False
Is 523169 composite?
False
Is 65239 a composite number?
False
Is 38215 a composite number?
True
Is 207401 prime?
True
Is 31945 composite?
True
Is 17863 a prime number?
True
Is 11959 composite?
False
Is 12083 composite?
True
Is 2531 a composite number?
False
Is 15389 prime?
False
Is 4201 a composite number?
False
Is 341 a prime number?
False
Is 531406 composite?
True
Is 5077 prime?
True
Is 4861 prime?
True
Is 293 a composite number?
False
Is 65347 a prime number?
False
Is 15089 composite?
True
Is 382693 a composite number?
False
Is 18583 a prime number?
True
Is 115727 prime?
True
Is 15149 composite?
False
Is 30939 composite?
True
Is 120767 composite?
False
Is 383791 a prime number?
True
Is 18419 composite?
True
Is 424903 a composite number?
False
Is 185246 composite?
True
Is 2879 composite?
False
Is 17609 a prime number?
True
Is 78691 prime?
True
Is 266633 a composite number?
False
Is 56039 a prime number?
True
Is 70799 composite?
True
Is 911947 prime?
True
Is 1138819 a prime number?
False
Is 146123 a prime number?
False
Is 35907 a composite number?
True
Is 5446247 a prime number?
False
Is 223037 composite?
False
Is 499021 a prime number?
True
Is 141211 a composite number?
True
Is 28211 a composite number?
False
Is 3164893 a composite number?
False
Is 93823 prime?
False
Is 121557 composite?
True
Is 27569 composite?
True
Is 9155 a prime number?
False
Is 5953 a composite number?
False
Is 61637 prime?
True
Is 72997 a prime number?
True
Is 37529 a composite number?
False
Is 11651 a composite number?
True
Is 39749 composite?
False
Is 100077 prime?
False
Is 27505 a prime number?
False
Is 50441 composite?
False
Is 448607 a prime number?
True
Is 38113 composite?
False
Is 153697 prime?
False
Is 158959 prime?
True
Is 10169 a prime number?
True
Is 24221 a composite number?
True
Is 174677 composite?
True
Is 79177 a prime number?
False
Is 59941 prime?
False
Is 120157 a prime number?
True
Is 767023 prime?
False
Is 953299 a composite number?
True
Is 107893 prime?
False
Is 156007 a prime number?
True
Is 83823 composite?
True
Is 90213 prime?
False
Is 545161 a prime number?
True
Is 13157 a prime number?
False
Is 29053 prime?
False
Is 4283 composite?
False
Is 107441 a composite number?
False
Is 6421 a composite number?
False
Is 13831 composite?
False
Is 17621 a composite number?
True
Is 5027 a composite number?
True
Is 367097 prime?
True
Is 42101 prime?
True
Is 72019 prime?
True
Is 46021 a prime number?
True
Is 12235 prime?
False
Is 90614 prime?
False
Is 556203 prime?
False
Is 8314 a prime number?
False
Is 2497 a prime number?
False
Is 362669 prime?
False
Is 101615 a prime number?
False
Is 45943 prime?
True
Is 4711 a composite number?
True
Is 6677 a composite number?
True
Is 300805 a prime number?
False
Is 97943 a composite number?
False
Is 1837911 composite?
True
Is 756383 a composite number?
True
Is 502 a prime number?
False
Is 169179 a prime number?
False
Is 53239 prime?
True
Is 122069 prime?
True
Is 430999 a prime number?
True
Is 134813 prime?
False
Is 50327 a prime number?
False
Is 110317 a prime number?
False
Is 5787703 prime?
True
Is 900959 a prime number?
True
Is 97099 composite?
True
Is 868469 composite?
True
Is 80267 a composite number?
True
Is 456727 a composite number?
False
Is 1046785 a composite number?
True
Is 216757 a prime number?
True
Is 465653 prime?
False
Is 12071 a composite number?
False
Is 100907 a prime number?
True
Is 32773 composite?
True
Is 2423 a prime number?
True
Is 18899 composite?
False
Is 10037 prime?
True
Is 14377 composite?
True
Is 78749 prime?
False
Is 7913 prime?
False
Is 41962 a prime number?
False
Is 614963 a prime number?
True
Is 287 a prime number?
False
Is 11633 a prime number?
True
Is 11359 prime?
False
Is 79481 composite?
False
Is 400987 composite?
True
Is 1907141 composite?
False
Is 34781 a composite number?
False
Is 90689 a composite number?
True
Is 9293 a composite number?
False
Is 170603 prime?
True
Is 18595 prime?
False
Is 23957 prime?
True
Is 2127 composite?
True
Is 1322859 composite?
True
Is 1486 a prime number?
False
Is 143867 prime?
False
Is 9893 composite?
True
Is 1693 composite?
False
Is 133567 a composite number?
True
Is 341329 composite?
True
Is 9979 a composite number?
True
Is 29929 composite?
True
Is 1543229 a composite number?
False
Is 24191 a composite number?
True
Is 244081 prime?
False
Is 233743 a composite number?
False
Is